base 12
-a2ab86
-b49931 (base 13) to base 4
-100012032121
-36532638 (base 9) to base 15
-187a325
What is 43342 (base 8) in base 4?
10123202
32053 (base 12) to base 14
19d4b
30542 (base 12) to base 3
10012101112
30a0b (base 12) to base 3
10020022202
5771014 (base 8) to base 10
1569292
101312 (base 5) to base 3
11120102
Convert -3b385d (base 14) to base 7.
-23250546
What is 1217174 (base 10) in base 13?
33802a
Convert -55363 (base 16) to base 14.
-912a7
What is 21031231021 (base 4) in base 3?
11112201100111
What is 352db9 (base 15) in base 11?
1486190
1366148 (base 10) to base 8
5154204
-eb13e (base 15) to base 16
-b62af
-293486 (base 10) to base 2
-1000111101001101110
What is -5141260 (base 9) in base 6?
-134445043
2661346 (base 10) to base 15
378831
-1241400201 (base 5) to base 2
-1011101110101111101011
745610 (base 8) to base 11
15a952
What is 20200210211012 (base 3) in base 7?
42151436
What is -868758 (base 9) in base 8?
-1764102
Convert 101001100110011100 (base 2) to base 10.
170396
Convert 100111111101110111011 (base 2) to base 16.
13fbbb
What is -b23191 (base 13) in base 6?
-224524423
What is -65533333 (base 7) in base 13?
-121abc0
What is 432343121 (base 5) in base 15?
265491
What is -446ccd (base 16) in base 2?
-10001000110110011001101
What is 1035335 (base 9) in base 16?
87824
What is 20525552 (base 8) in base 16?
42ab6a
What is 111494 (base 13) in base 2?
1100010010110100000
Convert 657026 (base 8) to base 13.
795b6
Convert 432111232 (base 5) to base 4.
12333102003
Convert -3b3246 (base 16) to base 9.
-7262588
10111100011001 (base 2) to base 7
50103
What is 6779554 (base 11) in base 16?
b5266d
Convert -330203202 (base 4) to base 5.
-30414114
Convert 20643 (base 11) to base 3.
1112020011
-12425011 (base 6) to base 4
-1203213133
1302511 (base 6) to base 8
211713
-122686 (base 11) to base 13
-6a2ab
Convert -436153 (base 8) to base 3.
-21110000101
What is -2c7b7 (base 14) in base 11?
-76686
What is -37156 (base 12) in base 6?
-1332550
What is -2131325 (base 7) in base 4?
-333123221
What is 10201220202202 (base 3) in base 7?
22612061
What is 11402012 (base 7) in base 2?
11110110010111011011
What is -3aaa (base 15) in base 7?
-51355
14230013 (base 5) to base 12
72106
106325113 (base 7) to base 10
6527692
What is -35342015 (base 6) in base 11?
-692a88
Convert -482922 (base 10) to base 7.
-4050636
2a95425 (base 11) to base 5
2323330232
-1044112223 (base 5) to base 3
-11101111011100
-2332001310 (base 4) to base 3
-1110112201000
What is -343320341 (base 5) in base 7?
-16051354
What is -511312 (base 7) in base 6?
-1510251
151738 (base 13) to base 10
517525
What is -13526014 (base 9) in base 5?
-3203040141
Convert 13336 (base 10) to base 6.
141424
Convert -3023a (base 13) to base 8.
-250066
Convert 2df6c (base 16) to base 14.
4c87a
What is -1895aa0 (base 11) in base 7?
-36124416
Convert 3182482 (base 9) to base 13.
47a3aa
What is 300111020 (base 4) in base 16?
30548
-1017610 (base 8) to base 11
-175021
What is 300020332 (base 4) in base 6?
4120514
Convert 333303132 (base 4) to base 6.
5333530
-9630b9 (base 13) to base 5
-1400112441
5056195 (base 12) to base 9
31268715
What is -51388 (base 9) in base 12?
-17715
Convert -2202120102021 (base 3) to base 9.
-2676367
200011101011 (base 3) to base 9
604334
Convert -b691a (base 12) to base 7.
-2016034
What is -10d74 (base 14) in base 2?
-1010000001101010
Convert -880b57 (base 16) to base 7.
-135532404
Convert 18733547 (base 9) to base 11.
5389085
-3166800 (base 9) to base 7
-20300511
What is -4415005 (base 7) in base 12?
-221761
What is 11411400 (base 5) in base 14?
2b060
What is 4224523 (base 8) in base 16?
112953
Convert -712706 (base 8) to base 12.
-b3b72
18a6c89 (base 14) to base 12
41206a1
Convert 847975 (base 11) to base 10.
1357460
Convert -10322112003 (base 4) to base 9.
-2372166
-142a63 (base 11) to base 9
-370585
Convert -10022421 (base 5) to base 6.
-1413052
Convert 4fd7b9 (base 16) to base 8.
23753671
-402448 (base 9) to base 2
-111010000111000110
What is -3422215 (base 9) in base 5?
-433022100
Convert -21051433 (base 6) to base 8.
-2256015
Convert 1012201002022 (base 3) to base 14.
12a877
150b86 (base 13) to base 8
1757743
What is bc9841 (base 13) in base 8?
20757605
What is 1b3ac (base 15) in base 5?
10313322
Convert 71aa11 (base 12) to base 5.
424000133
Convert 21210100221 (base 3) to base 15.
3068d
Convert -973048 (base 12) to base 13.
-658a3c
What is -11a73aa (base 11) in base 16?
-1fdf76
Convert 36745443 (base 8) to base 5.
4034103211
423313214 (base 5) to base 16
1b19bb
What is 617300 (base 8) in base 12?
9a400
What is 251a12a (base 11) in base 5?
2110021411
What is -4388992 (base 10) in base 2?
-10000101111100010000000
Convert -86978 (base 10) to base 9.
-142272
Convert -373407 (base 9) to base 15.
-46c97
Convert -1064566 (base 8) to base 12.
-11b3b2
f6d0a (base 16) to base 7
11410250
10011000110111110111 (base 2) to base 5
130014132
Convert -251524 (base 9) to base 14.
-3d5b5
-7003617 (base 10) to base 13
-15b2a6a
-32102130201 (base 4) to base 10
-3745569
Convert -20b3674 (base 12) to base 3.
-102200022022021
Convert -121032231331 (base 4) to base 16.
-64eb7d
What is -263613 (base 8) in base 6?
-1550043
23b2b0 (base 12) to base 3
1002102122120
Convert 250999 (base 11) to base 14.
a46da
What is 4208578 (base 10) in base 13?
b447aa
Convert 44926 (base 10) to base 5.
2414201
102273 (base 13) to base 9
632840
What is 46a5195 (base 11) in base 14?
1138676
Convert b4296 (base 13) to base 8.
1167534
What is -567765 (base 9) in base 12?
-144b58
What is 333333410 (base 5) in base 3?
2202102101220
Convert -3450023 (base 6) to base 13.
-62a90
What is 2205141 (base 6) in base 15?
228da
Convert 4641142 (base 7) to base 9.
1075551
-112010111022220 (base 3) to base 15
-9d4d10
Convert 1252212 (base 9) to base 3.
1021202020102
Convert 815cb (base 14) to base 7.
2434244
What is -2a0c77 (base 14) in base 3?
-2202021211222
-2106641 (base 10) to base 11
-1209829
32362 (base 10) to base 8
77152
246783 (base 10) to base 12
ba993
2132211 (base 9) to base 12
471724
Convert 9a81d (base 14) to base 4.
1123133323
Convert -192798 (base 10) to base 13.
-699a8
-326197 (base 10) to base 14
-86c3b
Convert 1532540 (base 6) to base 7.
523365
Convert -30347 (base 9) to base 4.
-10320001
Convert 112302101 (base 4) to base 11.
64135
What is 40652c (base 15) in base 2?
1011101010110011100101
Convert 120002110220 (base 3) to base 16.
4885b
20333033310 (base 4) to base 3
11102201010010
Convert 488020 (base 11) to base 6.
24314030
What is -3545bd (base 16) in base 14?
-66c47b
-1434112112 (base 5) to base 15
-505c57
4147 (base 8) to base 11
1686
What is 4c409 (base 13) in base 6?
3010045
12a726 (base 16) to base 7
13250650
What is -2244424304 (base 5) in base 13?
-1089a54
211033011301 (base 4) to base 2
100101001111000101110001
Convert 143254 (base 6) to base 10.
13714
What is 101100000010001101 (base 2) in base 5?
21232430
Convert 17b684b (base 13) to base 9.
15528313
Convert -421253114 (base 6) to base 8.
-34017006
-183ac7 (base 15) to base 2
-100011111010101101001
5021162 (base 7) to base 12
24754b
What is 4354203 (base 7) in base 10?
534495
What is 11326525 (base 7) in base 12?
401b81
What is -2102130223 (base 4) in base 12?
-24b177
1020511 (base 6) to base 2
1100000100011011
110210022110010 (base 3) to base 5
3214444134
-29a464 (base 15) to base 11
-1152532
What is 23036431 (base 7) in base 2?
111101010100110101000
-101000001000001111100 (base 2) to base 15
-1ae92a
What is 154b1c (base 14) in base 15?
ea277
29c5f (base 16) to base 7
1311562
-1011011110001001 (base 2) to base 7
-253661
What is -1000100001110101101 (base 2) in base 14?
-73bc1
What is -1022430210 (base 5) in base 3?
-11001111011212
What is 4160241 (base 7) in base 11?
313126
What is -302255442 (base 6) in base 15?
-6bc812
Convert 20245042 (base 6) to base 9.
1075858
Convert -369617 (base 10) to base 14.
-989b3
What is -4a218 (base 12) in base 7?
-566045
-1048b7 (base 13) to base 4
-1131022033
-26103 (base 10) to base 9
-38723
What is 1020210102111 (base 3) in base 13?
1a39b0
Convert -122324444 (base 5) to base 9.
-1087420
What is 22113123 (base 4) in base 5?
2324314
What is -9261 (base 11) in base 15?
-3993
Convert -857578 (base 12) to base 16.
-20276c